{"id":1043,"date":"2022-11-22T17:51:30","date_gmt":"2022-11-22T21:51:30","guid":{"rendered":"https:\/\/centroasistenciapsicologica.com\/?post_type=product&#038;p=1043"},"modified":"2022-11-24T21:07:57","modified_gmt":"2022-11-25T01:07:57","slug":"terapia-familiar","status":"publish","type":"product","link":"https:\/\/centroasistenciapsicologica.com\/index.php\/product\/terapia-familiar\/","title":{"rendered":"Terapia familiar"},"content":{"rendered":"<p><span>La terapia familia es una intervenci\u00f3n que tiene como objetivo principal conocer y estudiar las caracter\u00edsticas de las formas de vinculaci\u00f3n de todo el sistema familiar a fin de brindar herramientas a cada uno de sus miembros para el soporte hacia el funcionamiento \u00f3ptimo de sus relaciones en conjunto.<\/span><\/p>\n<p><span>Razones principales para asistir a terapia familiar:<\/span><\/p>\n<p><span>-Conflictos entre todos o parte de los miembros<\/span><br \/>\n<span>-Adaptaci\u00f3n a los cambios<\/span><br \/>\n<span>-Familiar con alg\u00fan diagn\u00f3stico f\u00edsico o mental<\/span><br \/>\n<span>-Dependencia emocional<\/span><br \/>\n<span>-Patrones inadecuados de conducta<\/span><br \/>\n<span>-P\u00e9rdida de un ser querido ( duelo)<\/span><br \/>\n<span>-Divorcio<\/span><br \/>\n<span>-Falta de l\u00edmites, orden, reglas etc<\/span><br \/>\n<span>-Entre otros<\/span><\/p>\n<p>&nbsp;<\/p>\n","protected":false},"excerpt":{"rendered":"<p>La terapia familia es una intervenci\u00f3n que tiene como objetivo principal conocer y estudiar las caracter\u00edsticas de las formas de vinculaci\u00f3n de todo el sistema familiar a fin de brindar herramientas a cada uno de sus miembros para el soporte hacia el funcionamiento \u00f3ptimo de sus relaciones en conjunto. Razones principales para asistir a terapia [&hellip;]<\/p>\n","protected":false},"featured_media":1045,"comment_status":"closed","ping_status":"closed","template":"","meta":{"om_disable_all_campaigns":false,"_monsterinsights_skip_tracking":false,"_monsterinsights_sitenote_active":false,"_monsterinsights_sitenote_note":"","_monsterinsights_sitenote_category":0},"product_brand":[],"product_cat":[63],"product_tag":[],"class_list":{"0":"post-1043","1":"product","2":"type-product","3":"status-publish","4":"has-post-thumbnail","6":"product_cat-terapias","8":"first","9":"instock","10":"virtual","11":"purchasable","12":"product-type-simple"},"_links":{"self":[{"href":"https:\/\/centroasistenciapsicologica.com\/index.php\/wp-json\/wp\/v2\/product\/1043","targetHints":{"allow":["GET"]}}],"collection":[{"href":"https:\/\/centroasistenciapsicologica.com\/index.php\/wp-json\/wp\/v2\/product"}],"about":[{"href":"https:\/\/centroasistenciapsicologica.com\/index.php\/wp-json\/wp\/v2\/types\/product"}],"replies":[{"embeddable":true,"href":"https:\/\/centroasistenciapsicologica.com\/index.php\/wp-json\/wp\/v2\/comments?post=1043"}],"wp:featuredmedia":[{"embeddable":true,"href":"https:\/\/centroasistenciapsicologica.com\/index.php\/wp-json\/wp\/v2\/media\/1045"}],"wp:attachment":[{"href":"https:\/\/centroasistenciapsicologica.com\/index.php\/wp-json\/wp\/v2\/media?parent=1043"}],"wp:term":[{"taxonomy":"product_brand","embeddable":true,"href":"https:\/\/centroasistenciapsicologica.com\/index.php\/wp-json\/wp\/v2\/product_brand?post=1043"},{"taxonomy":"product_cat","embeddable":true,"href":"https:\/\/centroasistenciapsicologica.com\/index.php\/wp-json\/wp\/v2\/product_cat?post=1043"},{"taxonomy":"product_tag","embeddable":true,"href":"https:\/\/centroasistenciapsicologica.com\/index.php\/wp-json\/wp\/v2\/product_tag?post=1043"}],"curies":[{"name":"wp","href":"https:\/\/api.w.org\/{rel}","templated":true}]}}