{"id":1058,"date":"2022-11-22T19:07:33","date_gmt":"2022-11-22T23:07:33","guid":{"rendered":"https:\/\/centroasistenciapsicologica.com\/?post_type=product&#038;p=1058"},"modified":"2022-11-24T21:16:42","modified_gmt":"2022-11-25T01:16:42","slug":"consulta-psiquiatrica","status":"publish","type":"product","link":"https:\/\/centroasistenciapsicologica.com\/index.php\/product\/consulta-psiquiatrica\/","title":{"rendered":"Consulta psiqui\u00e1trica"},"content":{"rendered":"<p><span>La psiquiatr\u00eda es la rama de la medicina que se encarga de la salud mental, as\u00ed como al diagn\u00f3stico y tratamiento de los trastornos mentales.<\/span><\/p>\n<p><span>Algunas razones en las que podr\u00edas necesitar asistencia de un psiquiatra:<\/span><\/p>\n<p><span>-Depresi\u00f3n<\/span><br \/>\n<span>-Adicciones<\/span><br \/>\n<span>-Ataques de p\u00e1nico<\/span><br \/>\n<span>-Alteraci\u00f3n de control de los impulsos<\/span><br \/>\n<span>-Trastornos psic\u00f3ticos<\/span><br \/>\n<span>-Alteraciones en el patr\u00f3n del sue\u00f1o<\/span><br \/>\n<span>-Alteraciones en la alimentaci\u00f3n<\/span><br \/>\n<span>-Trastorno de personalidad<\/span><br \/>\n<span>-Trastornos cognitivos<\/span><br \/>\n<span>-Fobias<\/span><br \/>\n<span>-Bipolaridad<\/span><\/p>\n","protected":false},"excerpt":{"rendered":"<p>La psiquiatr\u00eda es la rama de la medicina que se encarga de la salud mental, as\u00ed como al diagn\u00f3stico y tratamiento de los trastornos mentales. Algunas razones en las que podr\u00edas necesitar asistencia de un psiquiatra: -Depresi\u00f3n -Adicciones -Ataques de p\u00e1nico -Alteraci\u00f3n de control de los impulsos -Trastornos psic\u00f3ticos -Alteraciones en el patr\u00f3n del sue\u00f1o [&hellip;]<\/p>\n","protected":false},"featured_media":1059,"comment_status":"closed","ping_status":"closed","template":"","meta":{"om_disable_all_campaigns":false,"_monsterinsights_skip_tracking":false,"_monsterinsights_sitenote_active":false,"_monsterinsights_sitenote_note":"","_monsterinsights_sitenote_category":0},"product_brand":[],"product_cat":[64],"product_tag":[],"class_list":{"0":"post-1058","1":"product","2":"type-product","3":"status-publish","4":"has-post-thumbnail","6":"product_cat-psiquiatria","8":"first","9":"instock","10":"virtual","11":"purchasable","12":"product-type-simple"},"_links":{"self":[{"href":"https:\/\/centroasistenciapsicologica.com\/index.php\/wp-json\/wp\/v2\/product\/1058","targetHints":{"allow":["GET"]}}],"collection":[{"href":"https:\/\/centroasistenciapsicologica.com\/index.php\/wp-json\/wp\/v2\/product"}],"about":[{"href":"https:\/\/centroasistenciapsicologica.com\/index.php\/wp-json\/wp\/v2\/types\/product"}],"replies":[{"embeddable":true,"href":"https:\/\/centroasistenciapsicologica.com\/index.php\/wp-json\/wp\/v2\/comments?post=1058"}],"wp:featuredmedia":[{"embeddable":true,"href":"https:\/\/centroasistenciapsicologica.com\/index.php\/wp-json\/wp\/v2\/media\/1059"}],"wp:attachment":[{"href":"https:\/\/centroasistenciapsicologica.com\/index.php\/wp-json\/wp\/v2\/media?parent=1058"}],"wp:term":[{"taxonomy":"product_brand","embeddable":true,"href":"https:\/\/centroasistenciapsicologica.com\/index.php\/wp-json\/wp\/v2\/product_brand?post=1058"},{"taxonomy":"product_cat","embeddable":true,"href":"https:\/\/centroasistenciapsicologica.com\/index.php\/wp-json\/wp\/v2\/product_cat?post=1058"},{"taxonomy":"product_tag","embeddable":true,"href":"https:\/\/centroasistenciapsicologica.com\/index.php\/wp-json\/wp\/v2\/product_tag?post=1058"}],"curies":[{"name":"wp","href":"https:\/\/api.w.org\/{rel}","templated":true}]}}